{"id":51802,"date":"2025-08-14T19:30:47","date_gmt":"2025-08-15T01:30:47","guid":{"rendered":"https:\/\/radiozapatista.org\/?page_id=51802"},"modified":"2025-08-22T10:03:04","modified_gmt":"2025-08-22T16:03:04","slug":"encuentro-de-resistencias-y-rebeldias-algunas-partes-del-todo","status":"publish","type":"page","link":"https:\/\/radiozapatista.org\/?page_id=51802","title":{"rendered":"Encuentro de Resistencias y Rebeld\u00edas \u201cAlgunas partes del todo\u201d"},"content":{"rendered":"\n<h3 class=\"wp-block-heading has-text-align-center\">Encuentro de Resistencias y Rebeld\u00edas <br>\u201cAlgunas partes del todo\u201d<\/h3>\n\n\n\n<p class=\"has-text-align-center\">3 a 16 de agosto de 2025<br>Semillero Comandanta Ramona<br>Caracol de Morelia<\/p>\n\n\n\n<figure class=\"wp-block-image size-full\"><img loading=\"lazy\" decoding=\"async\" width=\"1000\" height=\"473\" src=\"https:\/\/radiozapatista.org\/wp-content\/uploads\/2025\/08\/portada-encuentro.jpg\" alt=\"\" class=\"wp-image-51803\" srcset=\"https:\/\/radiozapatista.org\/wp-content\/uploads\/2025\/08\/portada-encuentro.jpg 1000w, https:\/\/radiozapatista.org\/wp-content\/uploads\/2025\/08\/portada-encuentro-350x166.jpg 350w, https:\/\/radiozapatista.org\/wp-content\/uploads\/2025\/08\/portada-encuentro-768x363.jpg 768w\" sizes=\"auto, (max-width: 1000px) 100vw, 1000px\" \/><\/figure>\n\n\n\n<h3 class=\"wp-block-heading has-text-align-center\">Cobertura<\/h3>\n\n\n\n<p class=\"has-text-align-center\"><strong><a href=\"https:\/\/radiozapatista.org\/?p=51407\">D\u00eda 1 &#8211; 3 de agosto de 2025<\/a><br><\/strong>Radio Zapatista (resumen y audios)<\/p>\n\n\n\n<p class=\"has-text-align-center\"><strong><a href=\"https:\/\/radiozapatista.org\/?p=51399\">Resumen de la inauguraci\u00f3n del <\/a><br><a href=\"https:\/\/radiozapatista.org\/?p=51399\">Encuentro de Resistencias y Rebeld\u00edas \u00abAlgunas partes del Todo\u00bb<\/a><\/strong><br><a href=\"https:\/\/radiozapatista.org\/?p=51399\"><strong>3 de agosto de 2025<\/strong><\/a><br>Tercios Compas (video)<\/p>\n\n\n\n<p class=\"has-text-align-center\"><strong><a href=\"https:\/\/radiozapatista.org\/?p=51459\">D\u00eda 2 &#8211; 4 de agosto de 2025<\/a><br><\/strong>Radio Zapatista (resumen y audios)<\/p>\n\n\n\n<p class=\"has-text-align-center\"><strong><a href=\"https:\/\/radiozapatista.org\/?p=51478\">Resumen: de la primera participaci\u00f3n zapatista en el <\/a><br><a href=\"https:\/\/radiozapatista.org\/?p=51478\">Encuentro de Resistencias y Rebeld\u00edas, <\/a><br><a href=\"https:\/\/radiozapatista.org\/?p=51478\">4 de agosto 2025<\/a><\/strong><br>\u0376\u00c0TI\ua7fcA\u0186 \u2143\u018e (texto y video)<\/p>\n\n\n\n<p class=\"has-text-align-center\"><strong><a href=\"https:\/\/radiozapatista.org\/?p=51482\">D\u00eda 3 &#8211; 5 de agosto de 2025<\/a><br><\/strong>Radio Zapatista (resumen y audios)<\/p>\n\n\n\n<p class=\"has-text-align-center\"><strong><a href=\"https:\/\/radiozapatista.org\/?p=51580\">Resumen: de la segunda participaci\u00f3n zapatista en el <\/a><\/strong><br><strong><a href=\"https:\/\/radiozapatista.org\/?p=51580\">Encuentro de Resistencias y Rebeld\u00edas<\/a><br><a href=\"https:\/\/radiozapatista.org\/?p=51580\">5 de agosto del 2025<\/a><\/strong><br>\u0376\u00c0TI\ua7fcA\u0186 \u2143\u018e (texto y video)<\/p>\n\n\n\n<p class=\"has-text-align-center\"><strong><a href=\"https:\/\/radiozapatista.org\/?p=51503\">D\u00eda 4 &#8211; 6 de agosto de 2025<\/a><br><\/strong>Radio Zapatista (resumen y audios)<\/p>\n\n\n\n<p class=\"has-text-align-center\"><strong><a href=\"https:\/\/radiozapatista.org\/?p=52000\">Resumen de la tercera parte de la participaci\u00f3n zapatista en el <\/a><\/strong><br><strong><a href=\"https:\/\/radiozapatista.org\/?p=52000\">Encuentro de Resistencias y Rebeld\u00edas \u201cALGUNAS PARTES DEL TODO\u201d<\/a><\/strong><br>\u0376\u00c0TI\ua7fcA\u0186 \u2143\u018e (texto y video 2025)<\/p>\n\n\n\n<p class=\"has-text-align-center\"><strong><a href=\"https:\/\/radiozapatista.org\/?p=51537\">D\u00eda 5 &#8211; 7 de agosto de 2025<br><\/a><\/strong>Radio Zapatista (resumen y audios)<\/p>\n\n\n\n<p class=\"has-text-align-center\"><strong><a href=\"https:\/\/radiozapatista.org\/?p=51567\">D\u00eda 6 &#8211; 8 de agosto de 2025<\/a><br><\/strong>Radio Zapatista (resumen y audios)<\/p>\n\n\n\n<p class=\"has-text-align-center\"><strong><a href=\"https:\/\/radiozapatista.org\/?p=51615\">D\u00eda 7 &#8211; 9 de agosto de 2025<\/a><br><\/strong>Radio Zapatista (resumen y audios)<\/p>\n\n\n\n<p class=\"has-text-align-center\"><strong><a href=\"https:\/\/radiozapatista.org\/?p=51644\">D\u00eda 8 &#8211; 10 de agosto de 2025<\/a><br><\/strong>Radio Zapatista (resumen y audios)<\/p>\n\n\n\n<p class=\"has-text-align-center\"><strong><a href=\"https:\/\/radiozapatista.org\/?p=51685\">D\u00eda 9 &#8211; 11 de agosto de 2025<\/a><br><\/strong>Radio Zapatista (resumen y audios)<\/p>\n\n\n\n<p class=\"has-text-align-center\"><strong><a href=\"https:\/\/radiozapatista.org\/?p=51727\">D\u00eda 10 &#8211; 12 de agosto de 2025<\/a><br><\/strong>Radio Zapatista (resumen y audios)<\/p>\n\n\n\n<p class=\"has-text-align-center\"><strong><a href=\"https:\/\/radiozapatista.org\/?p=51757\">D\u00eda 11 &#8211; 13 de agosto de 2025<\/a><br><\/strong>Radio Zapatista (resumen y audios)<\/p>\n\n\n\n<p class=\"has-text-align-center\"><strong><a href=\"https:\/\/radiozapatista.org\/?p=51801\">D\u00eda 12 &#8211; 14 de agosto de 2025<\/a><br><\/strong>Radio Zapatista (resumen y audios)<\/p>\n\n\n\n<p class=\"has-text-align-center\"><strong><a href=\"https:\/\/radiozapatista.org\/?p=51885\">D\u00eda 13 &#8211; 15 de agosto de 2025<\/a><br><\/strong>Radio Zapatista (resumen y audios)<\/p>\n\n\n\n<p class=\"has-text-align-center\"><strong><a href=\"https:\/\/radiozapatista.org\/?p=51955\">D\u00eda 14 (Clausura) &#8211; 16 de agosto de 2025<\/a><br><\/strong>Radio Zapatista (resumen y audios)<\/p>\n\n\n\n<p class=\"has-text-align-center\">Aprovechamos aqu\u00ed para agradecer el extraordinario trabajo de transmisi\u00f3n del encuentro por parte de los colectivos de medios libres Noticias de Abajo ML y Tejemedios.<\/p>\n\n\n\n<hr class=\"wp-block-separator has-alpha-channel-opacity\"\/>\n\n\n\n<h3 class=\"wp-block-heading has-text-align-center\">Comunicados<\/h3>\n\n\n\n<p class=\"has-text-align-center\"><strong><a href=\"https:\/\/radiozapatista.org\/?p=51352\">VIII.- EL COM\u00daN CONTRA LAS CAJAS MORTALES Y LAS PIR\u00c1MIDES. <\/a><\/strong><br><strong><a href=\"https:\/\/radiozapatista.org\/?p=51352\">Una asamblea de jefas, jefes y jefoas<\/a><\/strong><br>\u0376\u00c0TI\ua7fcA\u0186 \u2143\u018e (julio de 2025)<\/p>\n\n\n\n<p class=\"has-text-align-center\"><strong><a href=\"https:\/\/radiozapatista.org\/?p=51289\">3 posdatas 3 VII.- PREGUNTAS, IM\u00c1GENES Y SENTIMIENTOS<\/a><\/strong><br>\u0376\u00c0TI\ua7fcA\u0186 \u2143\u018e (julio de 2025)<\/p>\n\n\n\n<p class=\"has-text-align-center\"><strong><a href=\"https:\/\/radiozapatista.org\/?p=51264\">3 posdatas 3 VI.- EL INCONFORME<\/a><\/strong><br>\u0376\u00c0TI\ua7fcA\u0186 \u2143\u018e (julio de 2025)<\/p>\n\n\n\n<p class=\"has-text-align-center\"><strong><a href=\"https:\/\/radiozapatista.org\/?p=51202\">3 posdatas 3 V.- DE GATOS Y PIR\u00c1MIDES<\/a><\/strong><br>\u0376\u00c0TI\ua7fcA\u0186 \u2143\u018e (julio de 2025)<\/p>\n\n\n\n<p class=\"has-text-align-center\"><strong><a href=\"https:\/\/radiozapatista.org\/?p=51169\">3 posdatas 3 IV.- DE GATOS Y CAJAS<\/a><\/strong><br>\u0376\u00c0TI\ua7fcA\u0186 \u2143\u018e (julio de 2025)<\/p>\n\n\n\n<p class=\"has-text-align-center\"><strong><a href=\"https:\/\/radiozapatista.org\/?p=51140\">3 POSDATAS 3 III.- POSDATA PATRI\u00d3TICA Una pesadilla con escudo, himno y bandera (y, claro, CURP biom\u00e9trico)<\/a><\/strong><br>\u0376\u00c0TI\ua7fcA\u0186 \u2143\u018e (julio de 2025)<\/p>\n\n\n\n<p class=\"has-text-align-center\"><strong><a href=\"https:\/\/radiozapatista.org\/?p=51094\">3 POSDATAS 3 II.- POSDATA DE RAZAS Y OTRAS DIFERENCIAS. Un continente, muchos colores<\/a><\/strong><br>\u0376\u00c0TI\ua7fcA\u0186 \u2143\u018e (junio de 2025)<\/p>\n\n\n\n<p class=\"has-text-align-center\"><strong><a href=\"https:\/\/radiozapatista.org\/?p=51082\">3 Postdatas 3. I.-PD GLOBALIZADA. Un planeta, muchas guerras<\/a><\/strong><br>\u0376\u00c0TI\ua7fcA\u0186 \u2143\u018e (junio de 2025)<\/p>\n\n\n\n<p class=\"has-text-align-center\"><strong><a href=\"https:\/\/radiozapatista.org\/?p=51038\">COMO MUJERES QUE SOMOS<\/a><\/strong><br>Mujeres Ind\u00edgenas Zapatistas y Tercias Compas Zapatistas (junio de 2025)<\/p>\n\n\n\n<p class=\"has-text-align-center\"><strong><a href=\"https:\/\/radiozapatista.org\/?p=51035\">El Com\u00fan en la falda de una Monta\u00f1a (Un Quir\u00f3fano en la Selva Lacandona)<\/a><\/strong><br>Tercios Compas y \u0376\u00c0TI\ua7fcA\u0186 \u2143\u018e (junio de 2025)<\/p>\n\n\n\n<p class=\"has-text-align-center\"><strong><a href=\"https:\/\/radiozapatista.org\/?p=51001\">Convocatoria al Encuentro de Resistencias y Rebeld\u00edas \u201cAlgunas partes del todo\u201d<\/a><\/strong><br>Subcomandante Insurgente Mois\u00e9s (junio de 2025)<\/p>\n","protected":false},"excerpt":{"rendered":"<p>Encuentro de Resistencias y Rebeld\u00edas \u201cAlgunas partes del todo\u201d 3 a 16 de agosto de 2025Semillero Comandanta RamonaCaracol de Morelia Cobertura D\u00eda 1 &#8211; 3 de agosto de 2025Radio Zapatista (resumen y audios) Resumen de la inauguraci\u00f3n del Encuentro de Resistencias y Rebeld\u00edas \u00abAlgunas partes del Todo\u00bb3 de agosto de 2025Tercios Compas (video) D\u00eda 2 [&hellip;]<\/p>\n","protected":false},"author":1,"featured_media":0,"parent":29,"menu_order":0,"comment_status":"closed","ping_status":"closed","template":"","meta":{"footnotes":""},"class_list":["post-51802","page","type-page","status-publish","hentry"],"_links":{"self":[{"href":"https:\/\/radiozapatista.org\/index.php?rest_route=\/wp\/v2\/pages\/51802","targetHints":{"allow":["GET"]}}],"collection":[{"href":"https:\/\/radiozapatista.org\/index.php?rest_route=\/wp\/v2\/pages"}],"about":[{"href":"https:\/\/radiozapatista.org\/index.php?rest_route=\/wp\/v2\/types\/page"}],"author":[{"embeddable":true,"href":"https:\/\/radiozapatista.org\/index.php?rest_route=\/wp\/v2\/users\/1"}],"replies":[{"embeddable":true,"href":"https:\/\/radiozapatista.org\/index.php?rest_route=%2Fwp%2Fv2%2Fcomments&post=51802"}],"version-history":[{"count":6,"href":"https:\/\/radiozapatista.org\/index.php?rest_route=\/wp\/v2\/pages\/51802\/revisions"}],"predecessor-version":[{"id":52045,"href":"https:\/\/radiozapatista.org\/index.php?rest_route=\/wp\/v2\/pages\/51802\/revisions\/52045"}],"up":[{"embeddable":true,"href":"https:\/\/radiozapatista.org\/index.php?rest_route=\/wp\/v2\/pages\/29"}],"wp:attachment":[{"href":"https:\/\/radiozapatista.org\/index.php?rest_route=%2Fwp%2Fv2%2Fmedia&parent=51802"}],"curies":[{"name":"wp","href":"https:\/\/api.w.org\/{rel}","templated":true}]}}

Encuentro de Resistencias y Rebeldías “Algunas partes del todo”

<h3 class="wp-block-heading has-text-align-center">Encuentro de Resistencias y Rebeldías <br>“Algunas partes del todo”</h3>



<p class="has-text-align-center">3 a 16 de agosto de 2025<br>Semillero Comandanta Ramona<br>Caracol de Morelia</p>



<figure class="wp-block-image size-full"><img loading="lazy" decoding="async" width="1000" height="473" src="https://radiozapatista.org/wp-content/uploads/2025/08/portada-encuentro.jpg" alt="" class="wp-image-51803" srcset="https://radiozapatista.org/wp-content/uploads/2025/08/portada-encuentro.jpg 1000w, https://radiozapatista.org/wp-content/uploads/2025/08/portada-encuentro-350x166.jpg 350w, https://radiozapatista.org/wp-content/uploads/2025/08/portada-encuentro-768x363.jpg 768w" sizes="auto, (max-width: 1000px) 100vw, 1000px" /></figure>



<h3 class="wp-block-heading has-text-align-center">Cobertura</h3>



<p class="has-text-align-center"><strong><a href="https://radiozapatista.org/?p=51407">Día 1 &#8211; 3 de agosto de 2025</a><br></strong>Radio Zapatista (resumen y audios)</p>



<p class="has-text-align-center"><strong><a href="https://radiozapatista.org/?p=51399">Resumen de la inauguración del </a><br><a href="https://radiozapatista.org/?p=51399">Encuentro de Resistencias y Rebeldías «Algunas partes del Todo»</a></strong><br><a href="https://radiozapatista.org/?p=51399"><strong>3 de agosto de 2025</strong></a><br>Tercios Compas (video)</p>



<p class="has-text-align-center"><strong><a href="https://radiozapatista.org/?p=51459">Día 2 &#8211; 4 de agosto de 2025</a><br></strong>Radio Zapatista (resumen y audios)</p>



<p class="has-text-align-center"><strong><a href="https://radiozapatista.org/?p=51478">Resumen: de la primera participación zapatista en el </a><br><a href="https://radiozapatista.org/?p=51478">Encuentro de Resistencias y Rebeldías, </a><br><a href="https://radiozapatista.org/?p=51478">4 de agosto 2025</a></strong><br>ͶÀTIꟼAƆ ⅃Ǝ (texto y video)</p>



<p class="has-text-align-center"><strong><a href="https://radiozapatista.org/?p=51482">Día 3 &#8211; 5 de agosto de 2025</a><br></strong>Radio Zapatista (resumen y audios)</p>



<p class="has-text-align-center"><strong><a href="https://radiozapatista.org/?p=51580">Resumen: de la segunda participación zapatista en el </a></strong><br><strong><a href="https://radiozapatista.org/?p=51580">Encuentro de Resistencias y Rebeldías</a><br><a href="https://radiozapatista.org/?p=51580">5 de agosto del 2025</a></strong><br>ͶÀTIꟼAƆ ⅃Ǝ (texto y video)</p>



<p class="has-text-align-center"><strong><a href="https://radiozapatista.org/?p=51503">Día 4 &#8211; 6 de agosto de 2025</a><br></strong>Radio Zapatista (resumen y audios)</p>



<p class="has-text-align-center"><strong><a href="https://radiozapatista.org/?p=52000">Resumen de la tercera parte de la participación zapatista en el </a></strong><br><strong><a href="https://radiozapatista.org/?p=52000">Encuentro de Resistencias y Rebeldías “ALGUNAS PARTES DEL TODO”</a></strong><br>ͶÀTIꟼAƆ ⅃Ǝ (texto y video 2025)</p>



<p class="has-text-align-center"><strong><a href="https://radiozapatista.org/?p=51537">Día 5 &#8211; 7 de agosto de 2025<br></a></strong>Radio Zapatista (resumen y audios)</p>



<p class="has-text-align-center"><strong><a href="https://radiozapatista.org/?p=51567">Día 6 &#8211; 8 de agosto de 2025</a><br></strong>Radio Zapatista (resumen y audios)</p>



<p class="has-text-align-center"><strong><a href="https://radiozapatista.org/?p=51615">Día 7 &#8211; 9 de agosto de 2025</a><br></strong>Radio Zapatista (resumen y audios)</p>



<p class="has-text-align-center"><strong><a href="https://radiozapatista.org/?p=51644">Día 8 &#8211; 10 de agosto de 2025</a><br></strong>Radio Zapatista (resumen y audios)</p>



<p class="has-text-align-center"><strong><a href="https://radiozapatista.org/?p=51685">Día 9 &#8211; 11 de agosto de 2025</a><br></strong>Radio Zapatista (resumen y audios)</p>



<p class="has-text-align-center"><strong><a href="https://radiozapatista.org/?p=51727">Día 10 &#8211; 12 de agosto de 2025</a><br></strong>Radio Zapatista (resumen y audios)</p>



<p class="has-text-align-center"><strong><a href="https://radiozapatista.org/?p=51757">Día 11 &#8211; 13 de agosto de 2025</a><br></strong>Radio Zapatista (resumen y audios)</p>



<p class="has-text-align-center"><strong><a href="https://radiozapatista.org/?p=51801">Día 12 &#8211; 14 de agosto de 2025</a><br></strong>Radio Zapatista (resumen y audios)</p>



<p class="has-text-align-center"><strong><a href="https://radiozapatista.org/?p=51885">Día 13 &#8211; 15 de agosto de 2025</a><br></strong>Radio Zapatista (resumen y audios)</p>



<p class="has-text-align-center"><strong><a href="https://radiozapatista.org/?p=51955">Día 14 (Clausura) &#8211; 16 de agosto de 2025</a><br></strong>Radio Zapatista (resumen y audios)</p>



<p class="has-text-align-center">Aprovechamos aquí para agradecer el extraordinario trabajo de transmisión del encuentro por parte de los colectivos de medios libres Noticias de Abajo ML y Tejemedios.</p>



<hr class="wp-block-separator has-alpha-channel-opacity"/>



<h3 class="wp-block-heading has-text-align-center">Comunicados</h3>



<p class="has-text-align-center"><strong><a href="https://radiozapatista.org/?p=51352">VIII.- EL COMÚN CONTRA LAS CAJAS MORTALES Y LAS PIRÁMIDES. </a></strong><br><strong><a href="https://radiozapatista.org/?p=51352">Una asamblea de jefas, jefes y jefoas</a></strong><br>ͶÀTIꟼAƆ ⅃Ǝ (julio de 2025)</p>



<p class="has-text-align-center"><strong><a href="https://radiozapatista.org/?p=51289">3 posdatas 3 VII.- PREGUNTAS, IMÁGENES Y SENTIMIENTOS</a></strong><br>ͶÀTIꟼAƆ ⅃Ǝ (julio de 2025)</p>



<p class="has-text-align-center"><strong><a href="https://radiozapatista.org/?p=51264">3 posdatas 3 VI.- EL INCONFORME</a></strong><br>ͶÀTIꟼAƆ ⅃Ǝ (julio de 2025)</p>



<p class="has-text-align-center"><strong><a href="https://radiozapatista.org/?p=51202">3 posdatas 3 V.- DE GATOS Y PIRÁMIDES</a></strong><br>ͶÀTIꟼAƆ ⅃Ǝ (julio de 2025)</p>



<p class="has-text-align-center"><strong><a href="https://radiozapatista.org/?p=51169">3 posdatas 3 IV.- DE GATOS Y CAJAS</a></strong><br>ͶÀTIꟼAƆ ⅃Ǝ (julio de 2025)</p>



<p class="has-text-align-center"><strong><a href="https://radiozapatista.org/?p=51140">3 POSDATAS 3 III.- POSDATA PATRIÓTICA Una pesadilla con escudo, himno y bandera (y, claro, CURP biométrico)</a></strong><br>ͶÀTIꟼAƆ ⅃Ǝ (julio de 2025)</p>



<p class="has-text-align-center"><strong><a href="https://radiozapatista.org/?p=51094">3 POSDATAS 3 II.- POSDATA DE RAZAS Y OTRAS DIFERENCIAS. Un continente, muchos colores</a></strong><br>ͶÀTIꟼAƆ ⅃Ǝ (junio de 2025)</p>



<p class="has-text-align-center"><strong><a href="https://radiozapatista.org/?p=51082">3 Postdatas 3. I.-PD GLOBALIZADA. Un planeta, muchas guerras</a></strong><br>ͶÀTIꟼAƆ ⅃Ǝ (junio de 2025)</p>



<p class="has-text-align-center"><strong><a href="https://radiozapatista.org/?p=51038">COMO MUJERES QUE SOMOS</a></strong><br>Mujeres Indígenas Zapatistas y Tercias Compas Zapatistas (junio de 2025)</p>



<p class="has-text-align-center"><strong><a href="https://radiozapatista.org/?p=51035">El Común en la falda de una Montaña (Un Quirófano en la Selva Lacandona)</a></strong><br>Tercios Compas y ͶÀTIꟼAƆ ⅃Ǝ (junio de 2025)</p>



<p class="has-text-align-center"><strong><a href="https://radiozapatista.org/?p=51001">Convocatoria al Encuentro de Resistencias y Rebeldías “Algunas partes del todo”</a></strong><br>Subcomandante Insurgente Moisés (junio de 2025)</p>

<p>Encuentro de Resistencias y Rebeldías “Algunas partes del todo” 3 a 16 de agosto de 2025Semillero Comandanta RamonaCaracol de Morelia Cobertura Día 1 &#8211; 3 de agosto de 2025Radio Zapatista (resumen y audios) Resumen de la inauguración del Encuentro de Resistencias y Rebeldías «Algunas partes del Todo»3 de agosto de 2025Tercios Compas (video) Día 2 [&hellip;]</p>
