{"id":47233,"date":"2024-01-05T14:27:39","date_gmt":"2024-01-05T20:27:39","guid":{"rendered":"https:\/\/radiozapatista.org\/?page_id=47233"},"modified":"2024-01-05T14:33:10","modified_gmt":"2024-01-05T20:33:10","slug":"30-aniversario-del-inicio-de-la-guerra-contra-el-olvido","status":"publish","type":"page","link":"https:\/\/radiozapatista.org\/?page_id=47233","title":{"rendered":"30 Aniversario del inicio de la guerra contra el olvido"},"content":{"rendered":"<p><\/p>\n<h3 style=\"text-align: center;\">30 Aniversario del Levantamiento Zapatista<\/h3>\n<p style=\"text-align: center;\">30 de diciembre de 2023 a 2 de enero de 2024<br \/>\nCaracol VIII, &#8220;Resistencia y Rebeld\u00eda: Un Nuevo Horizonte&#8221;<br \/>\nPoblado de Dolores Hidalgo, Chiapas<\/p>\n<p><a href=\"https:\/\/radiozapatista.org\/wp-content\/uploads\/2024\/01\/IMG_2479.jpg\"><img loading=\"lazy\" decoding=\"async\" class=\"aligncenter size-large wp-image-47222\" src=\"https:\/\/radiozapatista.org\/wp-content\/uploads\/2024\/01\/IMG_2479-1024x687.jpg\" alt=\"\" width=\"1024\" height=\"687\" srcset=\"https:\/\/radiozapatista.org\/wp-content\/uploads\/2024\/01\/IMG_2479-1024x687.jpg 1024w, https:\/\/radiozapatista.org\/wp-content\/uploads\/2024\/01\/IMG_2479-350x235.jpg 350w, https:\/\/radiozapatista.org\/wp-content\/uploads\/2024\/01\/IMG_2479-768x515.jpg 768w, https:\/\/radiozapatista.org\/wp-content\/uploads\/2024\/01\/IMG_2479.jpg 1851w\" sizes=\"auto, (max-width: 1024px) 100vw, 1024px\" \/><\/a><\/p>\n<p id=\"post-47182\" class=\"post-title \" style=\"text-align: center;\"><strong><a title=\"Permanent Link: 30 Aniversario del Levantamiento Zapatista: Lo com\u00fan y el autogobierno\" href=\"https:\/\/radiozapatista.org\/?p=47182\" rel=\"bookmark\">30 Aniversario del Levantamiento Zapatista: Lo com\u00fan y el autogobierno<\/a><br \/>\n<\/strong>Cobertura de Radio Zapatista (texto, foto, video, audio)<\/p>\n<hr \/>\n<h3 style=\"text-align: center;\">Comunicados<\/h3>\n<p style=\"text-align: center;\"><a href=\"https:\/\/radiozapatista.org\/?p=47129\"><strong>Invitaci\u00f3n al Treinta Aniversario del Inicio de la Guerra contra el Olvido<\/strong><\/a><br \/>\nSubcomandante Insurgente Mois\u00e9s (diciembre de 2023)<\/p>\n<p id=\"post-47066\" class=\"post-title \" style=\"text-align: center;\"><strong><a title=\"Permanent Link: EZLN | Vig\u00e9sima y \u00daltima Parte: El Com\u00fan y la No Propiedad\" href=\"https:\/\/radiozapatista.org\/?p=47066\" rel=\"bookmark\">Vig\u00e9sima y \u00daltima Parte: El Com\u00fan y la No Propiedad<\/a><br \/>\n<\/strong>\u0376\u00c0TI\ua7fcA\u0186 \u2143\u018e y Subcomandante Insurgente Mois\u00e9s (diciembre de 2023)<\/p>\n<p id=\"post-47025\" class=\"post-title \" style=\"text-align: center;\"><strong><a title=\"Permanent Link: EZLN | Diecinueveava Parte: A quien corresponda:\" href=\"https:\/\/radiozapatista.org\/?p=47025\" rel=\"bookmark\">Diecinueveava Parte: A quien corresponda:<\/a><\/strong><br \/>\nTercios Compas (diciembre de 2023)<\/p>\n<p id=\"post-47006\" class=\"post-title \" style=\"text-align: center;\"><strong><a title=\"Permanent Link: EZLN | Dieciochoava parte: LA RABIA\" href=\"https:\/\/radiozapatista.org\/?p=47006\" rel=\"bookmark\">Dieciochoava parte: LA RABIA<\/a><br \/>\n<\/strong>\u0376\u00c0TI\ua7fcA\u0186 \u2143\u018e (diciembre de 2023)<\/p>\n<p id=\"post-46976\" class=\"post-title \" style=\"text-align: center;\"><strong><a title=\"Permanent Link: EZLN | Diecisieteava parte: Nunca M\u00e1s\u2026\" href=\"https:\/\/radiozapatista.org\/?p=46976\" rel=\"bookmark\">Diecisieteava parte: Nunca M\u00e1s\u2026<\/a><\/strong><br \/>\nTercios Compas y \u0376\u00c0TI\ua7fcA\u0186 \u2143\u018e (diciembre de 2023)<\/p>\n<p id=\"post-46970\" class=\"post-title \" style=\"text-align: center;\"><strong><a title=\"Permanent Link: EZLN | Dieciseisava Parte: Bertold Brecht, las Cumbias y la No-Existencia\" href=\"https:\/\/radiozapatista.org\/?p=46970\" rel=\"bookmark\">Dieciseisava Parte: Bertold Brecht, las Cumbias y la No-Existencia<br \/>\n<\/a><\/strong>Tercios Compas (diciembre de 2023)<\/p>\n<p id=\"post-46957\" class=\"post-title \" style=\"text-align: center;\"><a title=\"Permanent Link: EZLN | Quinceava Parte: De noche y a toda luz\u2026\" href=\"https:\/\/radiozapatista.org\/?p=46957\" rel=\"bookmark\"><strong>Quinceava Parte: De noche y a toda luz\u2026<\/strong><\/a><br \/>\nTercios Compas (diciembre de 2023)<\/p>\n<p style=\"text-align: center;\"><a href=\"https:\/\/radiozapatista.org\/?p=46932\"><strong>Catorceava Parte y Segunda Alerta de Aproximaci\u00f3n: La (otra) Regla del Tercero Excluido<\/strong><\/a><br \/>\n\u0376\u00c0TI\ua7fcA\u0186 \u2143\u018e (noviembre de 2023)<\/p>\n<p id=\"post-46901\" class=\"post-title \" style=\"text-align: center;\"><a title=\"Permanent Link: EZLN | Treceava Parte: DOS PARTIDOS DE F\u00daTBOL Y UNA MISMA REBELD\u00cdA. \u201cEl f\u00fatbol es la continuaci\u00f3n de la pol\u00edtica por otros medios\u201d\" href=\"https:\/\/radiozapatista.org\/?p=46901\" rel=\"bookmark\"><strong>Treceava Parte: Dos partidos de f\u00fatbol y una misma rebeld\u00eda.<\/strong><br \/>\n\u201cEl f\u00fatbol es la continuaci\u00f3n de la pol\u00edtica por otros medios\u201d<\/a><br \/>\n\u0376\u00c0TI\ua7fcA\u0186 \u2143\u018e (noviembre de 2023)<\/p>\n<p id=\"post-46889\" class=\"post-title \" style=\"text-align: center;\"><a title=\"Permanent Link: EZLN | Doceava parte: Fragmentos. Fragmentos de una carta del Subcomandante Insurgente Mois\u00e9s enviada, har\u00e1 hace algunos meses, a una geograf\u00eda lejana en distancia y cercana en pensamiento\" href=\"https:\/\/radiozapatista.org\/?p=46889\" rel=\"bookmark\"><strong>Doceava parte: Fragmentos<\/strong><br \/>\nFragmentos de una carta del Subcomandante Insurgente Mois\u00e9s enviada, har\u00e1 hace algunos meses, a una geograf\u00eda lejana en distancia y cercana en pensamiento<\/a><br \/>\nEZLN (noviembre de 2023)<\/p>\n<p id=\"post-46859\" class=\"post-title \" style=\"text-align: center;\"><strong><a title=\"Permanent Link: EZLN | Onceava Parte: Mientras tanto, en las monta\u00f1as del sureste mexicano\u2026\" href=\"https:\/\/radiozapatista.org\/?p=46859\" rel=\"bookmark\">Onceava Parte: Mientras tanto, en las monta\u00f1as del sureste mexicano\u2026<\/a><br \/>\n<\/strong>Tercios Compas (noviembre de 2023)<\/p>\n<p id=\"post-46814\" class=\"post-title \" style=\"text-align: center;\"><a title=\"Permanent Link: EZLN | D\u00e9cima Parte: Acerca de las Pir\u00e1mides y sus usos y costumbres. Conclusiones del an\u00e1lisis cr\u00edtico de MAREZ y JBG. (Fragmento de la entrevista hecha al SubComandante Insurgente Mois\u00e9s en los meses de agosto-septiembre del 2023, en las monta\u00f1as del Sureste Mexicano) Noviembre de 2023\" href=\"https:\/\/radiozapatista.org\/?p=46814\" rel=\"bookmark\"><strong>D\u00e9cima Parte: Acerca de las Pir\u00e1mides y sus usos y costumbres. Conclusiones del an\u00e1lisis cr\u00edtico de MAREZ y JBG.<\/strong><br \/>\n(Fragmento de la entrevista hecha al SubComandante Insurgente Mois\u00e9s en los meses de agosto-septiembre del 2023, en las monta\u00f1as del Sureste Mexicano)<\/a><br \/>\nEZLN (noviembre de 2023)<\/p>\n<p id=\"post-46785\" class=\"post-title \" style=\"text-align: center;\"><a title=\"Permanent Link: EZLN | Novena Parte: La Nueva Estructura de la Autonom\u00eda Zapatista.\" href=\"https:\/\/radiozapatista.org\/?p=46785\" rel=\"bookmark\"><strong>Novena Parte: La Nueva Estructura de la Autonom\u00eda Zapatista.<\/strong><\/a><br \/>\nSubcomandante Insurgente Mois\u00e9s (noviembre de 2023)<\/p>\n<p id=\"post-46780\" class=\"post-title \" style=\"text-align: center;\"><strong><a title=\"Permanent Link: EZLN | Octava Parte: P.D. QUE HAY QUE LEER PARA SABER DE QU\u00c9 TRATA.\" href=\"https:\/\/radiozapatista.org\/?p=46780\" rel=\"bookmark\">Octava Parte: P.D. Que hay que leer para saber de qu\u00e9 trata.<\/a><\/strong><br \/>\n\u0376\u00c0TI\ua7fcA\u0186 \u2143\u018e (noviembre de 2023)<\/p>\n<p id=\"post-46764\" class=\"post-title \" style=\"text-align: center;\"><strong><a title=\"Permanent Link: Comunicado del EZLN | S\u00e9ptima Parte: Un Escarabajo en Streaming\" href=\"https:\/\/radiozapatista.org\/?p=46764\" rel=\"bookmark\">S\u00e9ptima Parte: Un Escarabajo en Streaming<br \/>\n<\/a><\/strong>\u0376\u00c0TI\ua7fcA\u0186 \u2143\u018e (noviembre de 2023)<\/p>\n<p id=\"post-46743\" class=\"post-title \" style=\"text-align: center;\"><strong><a title=\"Permanent Link: Comunicado del EZLN | SEXTA PARTE: POSDATA QUE BUSCA ESPERANDO ENCONTRAR\" href=\"https:\/\/radiozapatista.org\/?p=46743\" rel=\"bookmark\">Sexta Parte: Posdata que busca esperando encontrar<\/a><br \/>\n<\/strong>\u0376\u00c0TI\ua7fcA\u0186 \u2143\u018e (noviembre de 2023)<\/p>\n<p id=\"post-46730\" class=\"post-title \" style=\"text-align: center;\"><a title=\"Permanent Link: Comunicado del EZLN | QUINTA PARTE: \u201cAH\u00cd VA EL GOLPE, JOVEN\u201d\" href=\"https:\/\/radiozapatista.org\/?p=46730\" rel=\"bookmark\"><strong>Quinta Parte: \u201cAh\u00ed va el golpe, joven\u201d<\/strong><\/a><br \/>\n\u0376\u00c0TI\ua7fcA\u0186 \u2143\u018e (noviembre de 2023)<\/p>\n<p id=\"post-46648\" class=\"post-title \" style=\"text-align: center;\"><strong><a title=\"Permanent Link: Comunicado del EZLN | Cuarta Parte y Primera Alerta de Aproximaci\u00f3n. Varias Muertes Necesarias\" href=\"https:\/\/radiozapatista.org\/?p=46648\" rel=\"bookmark\">Cuarta Parte y Primera Alerta de Aproximaci\u00f3n. Varias Muertes Necesarias<\/a><br \/>\n<\/strong>Subcomandante Insurgente Mois\u00e9s (noviembre de 2023)<\/p>\n<p id=\"post-46637\" class=\"post-title \" style=\"text-align: center;\"><strong><a title=\"Permanent Link: Comunicado EZLN | Tercera Parte: Den\u00ed\" href=\"https:\/\/radiozapatista.org\/?p=46637\" rel=\"bookmark\">Tercera Parte: Den\u00ed<\/a><br \/>\n<\/strong>\u0376\u00c0TI\ua7fcA\u0186 \u2143\u018e (noviembre de 2023)<\/p>\n<p id=\"post-46565\" class=\"post-title \" style=\"text-align: center;\"><strong><a title=\"Permanent Link: Comunicado EZLN | Segunda Parte: \u00bfLos muertos estornudan?\" href=\"https:\/\/radiozapatista.org\/?p=46565\" rel=\"bookmark\">Segunda Parte: \u00bfLos muertos estornudan?<\/a><\/strong><br \/>\n\u0376\u00c0TI\ua7fcA\u0186 \u2143\u018e (octubre de 2023)<\/p>\n<p style=\"text-align: center;\"><a href=\"https:\/\/radiozapatista.org\/?p=46539\"><strong>Primera parte: LOS MOTIVOS DEL LOBO<\/strong><\/a><br \/>\nEZLN (octubre de 2023)<\/p>\n<p><\/p>","protected":false},"excerpt":{"rendered":"<p>30 Aniversario del Levantamiento Zapatista 30 de diciembre de 2023 a 2 de enero de 2024 Caracol VIII, &#8220;Resistencia y Rebeld\u00eda: Un Nuevo Horizonte&#8221; Poblado de Dolores Hidalgo, Chiapas 30 Aniversario del Levantamiento Zapatista: Lo com\u00fan y el autogobierno Cobertura de Radio Zapatista (texto, foto, video, audio) Comunicados Invitaci\u00f3n al Treinta Aniversario del Inicio de [&hellip;]<\/p>\n","protected":false},"author":1,"featured_media":0,"parent":0,"menu_order":0,"comment_status":"closed","ping_status":"closed","template":"","meta":{"footnotes":""},"class_list":["post-47233","page","type-page","status-publish","hentry"],"_links":{"self":[{"href":"https:\/\/radiozapatista.org\/index.php?rest_route=\/wp\/v2\/pages\/47233","targetHints":{"allow":["GET"]}}],"collection":[{"href":"https:\/\/radiozapatista.org\/index.php?rest_route=\/wp\/v2\/pages"}],"about":[{"href":"https:\/\/radiozapatista.org\/index.php?rest_route=\/wp\/v2\/types\/page"}],"author":[{"embeddable":true,"href":"https:\/\/radiozapatista.org\/index.php?rest_route=\/wp\/v2\/users\/1"}],"replies":[{"embeddable":true,"href":"https:\/\/radiozapatista.org\/index.php?rest_route=%2Fwp%2Fv2%2Fcomments&post=47233"}],"version-history":[{"count":2,"href":"https:\/\/radiozapatista.org\/index.php?rest_route=\/wp\/v2\/pages\/47233\/revisions"}],"predecessor-version":[{"id":47238,"href":"https:\/\/radiozapatista.org\/index.php?rest_route=\/wp\/v2\/pages\/47233\/revisions\/47238"}],"wp:attachment":[{"href":"https:\/\/radiozapatista.org\/index.php?rest_route=%2Fwp%2Fv2%2Fmedia&parent=47233"}],"curies":[{"name":"wp","href":"https:\/\/api.w.org\/{rel}","templated":true}]}}