{"id":37220,"date":"2021-04-21T07:49:29","date_gmt":"2021-04-21T12:49:29","guid":{"rendered":"https:\/\/radiozapatista.org\/?page_id=37220"},"modified":"2021-09-27T17:48:40","modified_gmt":"2021-09-27T22:48:40","slug":"travesia-por-la-vida-capitulo-europa","status":"publish","type":"page","link":"https:\/\/radiozapatista.org\/?page_id=37220","title":{"rendered":"Traves\u00eda por la vida &#8211; Cap\u00edtulo Europa"},"content":{"rendered":"<p><\/p>\n<h2 style=\"text-align: center;\">Traves\u00eda por la vida<br \/>\nCap\u00edtulo Europa<\/h2>\n<p style=\"text-align: center;\"><a href=\"https:\/\/radiozapatista.org\/wp-content\/uploads\/2021\/05\/IMG_2258-1.jpg\"><img loading=\"lazy\" decoding=\"async\" class=\"aligncenter wp-image-37755 size-large\" src=\"https:\/\/radiozapatista.org\/wp-content\/uploads\/2021\/05\/IMG_2258-1-1024x682.jpg\" alt=\"\" width=\"1024\" height=\"682\" srcset=\"https:\/\/radiozapatista.org\/wp-content\/uploads\/2021\/05\/IMG_2258-1-1024x682.jpg 1024w, https:\/\/radiozapatista.org\/wp-content\/uploads\/2021\/05\/IMG_2258-1-350x233.jpg 350w, https:\/\/radiozapatista.org\/wp-content\/uploads\/2021\/05\/IMG_2258-1-768x512.jpg 768w, https:\/\/radiozapatista.org\/wp-content\/uploads\/2021\/05\/IMG_2258-1-700x466.jpg 700w, https:\/\/radiozapatista.org\/wp-content\/uploads\/2021\/05\/IMG_2258-1.jpg 1244w\" sizes=\"auto, (max-width: 1024px) 100vw, 1024px\" \/><\/a><\/p>\n<p style=\"text-align: center;\"><a href=\"#cobertura\"><strong>Cobertura<\/strong><\/a><\/p>\n<p style=\"text-align: center;\"><a href=\"#partidaEscuadron\">Partida del Escuadr\u00f3n 421 de M\u00e9xico<\/a><\/p>\n<p style=\"text-align: center;\"><a href=\"#llegadaEscuadron\">Llegada del Escuadr\u00f3n 421 a Slumil K&#8217;ajxemk&#8217;op<\/a><\/p>\n<p style=\"text-align: center;\"><a href=\"#giraEscuadron\">Gira del Escuadr\u00f3n 421<\/a><\/p>\n<p style=\"text-align: center;\"><a href=\"#partidaExtemporanea\">Partida de la delegaci\u00f3n a\u00e9rea &#8220;La Extempor\u00e1nea&#8221;<\/a><\/p>\n<p style=\"text-align: center;\"><a href=\"#llegadaExtemporanea\">Llegada de la delegaci\u00f3n a\u00e9rea &#8220;La Extempor\u00e1nea&#8221;<\/a><\/p>\n<p style=\"text-align: center;\"><a href=\"#giraExtemporanea\">Gira de La Extempor\u00e1nea<\/a><\/p>\n<p style=\"text-align: center;\"><a href=\"#comunicados\"><strong>Comunicados el EZLN<\/strong><\/a><\/p>\n<p>&nbsp;<\/p>\n<hr \/>\n<p>&nbsp;<\/p>\n<h2 id=\"cobertura\" style=\"text-align: center;\">Cobertura<\/h2>\n<p id=\"giraExtemporanea\">.<\/p>\n<p style=\"text-align: center;\"><a href=\"https:\/\/radiozapatista.org\/?p=39705\">EZLN, CNI y FPDTA se unen a la protesta de la huelga clim\u00e1tica en Viena, Austria<\/a><br \/>\nGuilhotina Info &#8211; Medios Libres (25 de septiembre de 2021)<\/p>\n<p style=\"text-align: center;\"><a href=\"https:\/\/radiozapatista.org\/?p=39603\">Zapatistas se encuentran e intercambian con resistencias a megaproyecto carretero en Austria<\/a><br \/>\nRadio Pozol &#8211; Medios Libres (21 de septiembre de 2021)<\/p>\n<p style=\"text-align: center;\"><a href=\"https:\/\/radiozapatista.org\/?p=39527\">Zapatistas en Austria se unen a protestas ante la embajada mexicana de Viena<\/a><br \/>\nRadio Zapatista &#8211; Medios Libres (17 de septiembre de 2021)<\/p>\n<p id=\"llegadaExtemporanea\">.<\/p>\n<p style=\"text-align: center;\"><a href=\"https:\/\/radiozapatista.org\/?p=39577\">Hereder@s de la revoluci\u00f3n zapatista en Morelos acompa\u00f1an la Traves\u00eda por la Vida del EZLN<\/a><br \/>\nRadio Pozol y Medios Libres (21 de septiembre de 2021)<\/p>\n<p style=\"text-align: center;\"><a href=\"https:\/\/radiozapatista.org\/?p=39549\">Llegada de la Fuerza A\u00e9rea Zapatista a Viena en palabras del SubMoy<\/a> [VIDEO]<br \/>\nMedios Libres en Viena (18 de septiembre de 2021)<\/p>\n<p style=\"text-align: center;\"><a href=\"https:\/\/radiozapatista.org\/?p=39501\">Mujeres zapatistas participan en concentraci\u00f3n y marcha nocturna contra feminicidios en Austria<\/a><br \/>\nRadio Pozol &#8211; Medios Libres (17 de septiembre de 2021)<\/p>\n<p style=\"text-align: center;\"><a href=\"https:\/\/radiozapatista.org\/?p=39484\">La Fuerza A\u00e9rea Zapatista se completa en Austria<\/a><br \/>\nRadio Pozol &#8211; Medios Libres (15 de septiembre de 2021)<\/p>\n<p style=\"text-align: center;\"><a href=\"https:\/\/radiozapatista.org\/?p=39463\">La Extempor\u00e1nea: de la liberaci\u00f3n de las fincas a la Europa Insumisa<\/a><br \/>\nPie de P\u00e1gina (15 de septiembre de 2021)<\/p>\n<p style=\"text-align: center;\"><a href=\"https:\/\/radiozapatista.org\/?p=39443\">Aterriza en Europa y habla en Viena la delegaci\u00f3n aerotransportada del EZLN<\/a><br \/>\nRadio Pozol &#8211; Medios Libres (15 de septiembre de 2021)<\/p>\n<p id=\"partidaExtemporanea\">.<\/p>\n<p style=\"text-align: center;\"><a href=\"https:\/\/radiozapatista.org\/?p=39667\">Una cr\u00f3nica extempor\u00e1nea<\/a><br \/>\nCamino al Andar (19 de septiembre de 2021)<\/p>\n<p style=\"text-align: center;\"><a href=\"https:\/\/radiozapatista.org\/?p=39434\">EZLN viaja a Austria desde AICM (Fotogaler\u00eda)+ El sombrero tzotzil<\/a><br \/>\nRegeneraci\u00f3n Radio (14 de septiembre de 2021)<\/p>\n<p style=\"text-align: center;\"><a href=\"https:\/\/radiozapatista.org\/?p=39375\"><strong>Fuerza A\u00e9rea Zapatista rumbo a Europa<\/strong><\/a><br \/>\nRadio Zapatista (13 de septiembre de 2021)<\/p>\n<p style=\"text-align: center;\"><a href=\"https:\/\/radiozapatista.org\/?p=39434\">EZLN viaja a Austria desde AICM (Fotogaler\u00eda)+ El sombrero tzotzil<\/a><br \/>\nRegeneraci\u00f3n Radio (13 de septiembre de 2021)<\/p>\n<p style=\"text-align: center;\"><a href=\"https:\/\/radiozapatista.org\/?p=39364\">Escuadr\u00f3n 421: \u00a1Bienvenid@s!<\/a><br \/>\nCamino al Andar (12 de septiembre de 2021)<\/p>\n<p style=\"text-align: center;\"><a href=\"https:\/\/radiozapatista.org\/?p=39357\">Llega EZLN a la CDMX (Fotos)<\/a><br \/>\nRegeneraci\u00f3n Radio (11 de septiembre de 2021)<\/p>\n<p style=\"text-align: center;\"><a href=\"https:\/\/radiozapatista.org\/?p=39332\"><strong>Traves\u00eda por la vida: Inicia el viaje de \u201cLa Extempor\u00e1nea\u201d rumbo a Europa<\/strong><\/a><br \/>\nRadio Zapatista (10 de septiembre de 2021)<\/p>\n<p id=\"giraEscuadron\">.<\/p>\n<p style=\"text-align: center;\"><a href=\"https:\/\/radiozapatista.org\/?p=39244\">Zapatistas en Suiza<\/a><br \/>\nMedios libres o como se llamen (30 de agosto de 2021)<\/p>\n<p style=\"text-align: center;\"><a href=\"https:\/\/radiozapatista.org\/?p=39101\">[VIDEOS] Escuadr\u00f3n mar\u00edtimo zapatista en Madrid<\/a><br \/>\nMedios libres o como se llamen (agosto de 2021)<\/p>\n<p style=\"text-align: center;\"><b><a href=\"https:\/\/radiozapatista.org\/?p=38947\">Cartas Na\u00faticas IV. \u2018Vinimos a aprender, vinimos a escucharlos\u2019 (Madrid)<\/a><\/b><br \/>\nRadio Zapatista (agosto de 2021)<\/p>\n<p style=\"text-align: center;\"><a href=\"https:\/\/radiozapatista.org\/?p=38934\">El Caminar escuchando del EZLN en tierras insumisas de la Europa de abajo<\/a><br \/>\nMedios libres o como se llamen (agosto de 2021)<\/p>\n<p style=\"text-align: center;\"><a href=\"https:\/\/radiozapatista.org\/?p=38919\">500 a\u00f1os de resistencia ind\u00edgena, acci\u00f3n de protesta en Par\u00eds, Francia, Slumil K\u2019ajxemk\u2019op el 13 de agosto 2021<\/a><br \/>\nMedios libres o como se llamen (13 de agosto de 2021)<\/p>\n<p style=\"text-align: center;\"><a href=\"https:\/\/radiozapatista.org\/?p=38867\">\u00a1Paso libre a Zapatistas!, exigen desde Nantes, Francia<\/a><br \/>\nMedios libres Slumil K&#8217;ajxemk&#8217;op (1 de agosto de 2021)<\/p>\n<p style=\"text-align: center;\"><a href=\"https:\/\/radiozapatista.org\/?p=38814\">Flotilla de mujeres y disidencias se encuentran con zapatistas<\/a><br \/>\nCompas Arriba (29 de julio de 2021)<\/p>\n<p style=\"text-align: center;\"><a href=\"https:\/\/radiozapatista.org\/?p=38792\">Zapatistas toman la calle y caminan preguntando con trabajadores sin papeles y Zadistas<\/a><br \/>\nMedios libres o como se llmaen (26 de julio de 2021)<\/p>\n<p style=\"text-align: center;\"><a href=\"https:\/\/radiozapatista.org\/?p=38774\">Anfitriones de Fuerza A\u00e9rea del EZLN protestan en toda Slumil K\u00b4axjemk\u00b4op<\/a><br \/>\nMedios Libres Slumil K&#8217;axjemk\u00b4op (23 de julio de 2021)<\/p>\n<p style=\"text-align: center;\"><a href=\"https:\/\/radiozapatista.org\/?p=38756\">\u00a1Alto a las fronteras! \u00a1Viva el Viaje de las Zapatistas en Europa!<\/a><br \/>\nMedios Libres o como se llamen (22 de julio de 2021)<\/p>\n<p style=\"text-align: center;\"><a href=\"https:\/\/radiozapatista.org\/?p=38727\">En Francia denuncian a la Europa fortaleza y reclaman libre paso para la delegaci\u00f3n Zapatista<\/a><br \/>\nMedios libres o como se llamen (21 de julio de 2021)<\/p>\n<p style=\"text-align: center;\"><a href=\"https:\/\/radiozapatista.org\/?p=38715\">Convocan a protestas ante consulados de Francia para recibir a la Fuerza A\u00e9rea Zapatista<\/a><br \/>\nMedios libres o como se llamen (20 de julio de 2021)<\/p>\n<p style=\"text-align: center;\"><a href=\"https:\/\/radiozapatista.org\/?p=38709\">Exigen paso libre en Europa a delegaciones Zapatistas que incomodan a Macron<\/a><br \/>\nMedios Libres Slumil K&#8217;ajxemk&#8217;op (19 de julio de 2021)<\/p>\n<p style=\"text-align: center;\"><a href=\"https:\/\/radiozapatista.org\/?p=38706\">Ofrecen en Francia flores de los Jardines a Defender a la delegaci\u00f3n mar\u00edtima del EZLN<\/a><br \/>\nColaboraci\u00f3n colectiva de Medios Libres, Par\u00eds (17 de julio de 2021)<\/p>\n<p style=\"text-align: center;\"><a href=\"https:\/\/radiozapatista.org\/?p=38702\">Ante la delegaci\u00f3n zapatista, se denuncia la brutalidad policiaca y cr\u00edmenes de Estado en Francia<\/a><br \/>\nMedios libres o como se llamen (17 de julio de 2021)<\/p>\n<p style=\"text-align: center;\"><a href=\"https:\/\/radiozapatista.org\/?p=38648\">La invasi\u00f3n zapatista comienza\/\/L\u2019invasion zapatiste commence<\/a><br \/>\n!Compas Arriba! \/ Medios Libres (10 de julio de 2021)<\/p>\n<p style=\"text-align: center;\"><b><a href=\"https:\/\/radiozapatista.org\/?p=38549\">Traves\u00eda por la Vida del EZLN: bienvenidas en el Estado Espa\u00f1ol<\/a><\/b><br \/>\nRadio Zapatista (13 de julio de 2021)<\/p>\n<p style=\"text-align: center;\"><a href=\"https:\/\/radiozapatista.org\/?p=38536\">\u00ab\u00a1Hasta la vida siempre!\u00bb Festejan la llegada del Escuadr\u00f3n zapatista en su primera etapa en Francia<\/a><br \/>\nRadio Pozol (8 de julio de 2021)<\/p>\n<p style=\"text-align: center;\"><a href=\"https:\/\/radiozapatista.org\/?p=38498\">Lluvia de actividades para recibir al EZLN y el CNI en la capital francesa<\/a><br \/>\n\u00a1Compas Arriba!\/Radio Pozol (2 de julio de 2021)<\/p>\n<p id=\"llegadaEscuadron\" >.<\/p>\n<p style=\"text-align: center;\"><b><a href=\"https:\/\/radiozapatista.org\/?p=38379\">Una monta\u00f1a para \u201cartellarnos\u201d<br \/>\nDi\u00e1logo con miembros de Xira pola Vida, Galiza<\/a><\/b><br \/>\nRadio Zapatista (29 de junio de 2021)<\/p>\n<p style=\"text-align: center;\"><b><a href=\"https:\/\/radiozapatista.org\/?p=38279\">Cartas n\u00e1uticas III: Desembarca el Escuadr\u00f3n 421 en Galicia<\/a><\/b><br \/>\nRadio Zapatista (23 de junio de 2021)<\/p>\n<p style=\"text-align: center;\"><a href=\"https:\/\/radiozapatista.org\/?p=38224\"><strong>\u2018So\u00f1ar y vibrar por un mundo diferente\u2019. Jornada Internacional Solidaria en Vigo<\/strong><\/a><br \/>\nRadio Zapatista (20 de junio de 2021)<\/p>\n<p id=\"partidaEscuadron\" >.<\/p>\n<p style=\"text-align: center;\"><a href=\"https:\/\/radiozapatista.org\/?p=37568\">Im\u00e1genes de la traves\u00eda zapatista en aguas internacionales<\/a><br \/>\n\u00a1Compas Arriba!, Centro de Lengua y Cultura Zoque-Medios, Espoir Chiapas, Radio Pozol y fotograf\u00edas de Amehd Coca Castillo<br \/>\n(2 de mayo de 2021)<\/p>\n<p style=\"text-align: center;\"><a href=\"https:\/\/radiozapatista.org\/?p=37562\">Subcomandante Mois\u00e9s: Ni\u00f1as y ni\u00f1os zapatistas de las delegaciones \u201cvan a jugar, van a pintar, como el cayuco que se est\u00e1 mandando y que ellos pintaron\u201d<\/a><br \/>\nRadio Pozol, \u00a1Compas Arriba!, Centro de Lengua y Cultura Zoque-Medios, Espoir Chiapas, Regeneraci\u00f3n Radio y fot\u00f3graf@s independientes<br \/>\n(2 de mayo de 2021)<\/p>\n<p style=\"text-align: center;\"><a href=\"https:\/\/radiozapatista.org\/?p=37548\">\u00abEscuchar y aprender de sus historias, calendarios y modos\u00bb, misi\u00f3n zapatista en Europa<\/a><br \/>\nRadio Pozol (2 de mayo de 2021)<\/p>\n<p style=\"text-align: center;\"><a href=\"https:\/\/radiozapatista.org\/?p=37545\">Una Monta\u00f1a a punto de zarpar&#8230;<\/a><br \/>\nRadio Pozol | Juana Machetes (2 de mayo de 2021)<\/p>\n<p style=\"text-align: center;\"><strong><a href=\"https:\/\/radiozapatista.org\/?p=37455\">Cartas n\u00e1uticas II: Escuadr\u00f3n 421 aborda el nav\u00edo La Monta\u00f1a<\/a><\/strong><br \/>\nRadio Zapatista (1 de mayo de 2021)<\/p>\n<p style=\"text-align: center;\"><a href=\"https:\/\/radiozapatista.org\/?p=37407\">EZLN: Que cuiden esa semilla, la planten, y la hagan crecer<\/a><br \/>\nRadio Pozol | \u00a1Compas Arriba! | Centro de Lengua y Cultura Zoque | Radio Zapatista | Fot\u00f3grafos Independientes<br \/>\n(27 de abril de 2021)<\/p>\n<p style=\"text-align: center;\"><strong><a href=\"https:\/\/radiozapatista.org\/?p=37335\">Cartas n\u00e1uticas para un mar tormentoso<\/a><\/strong><br \/>\nRadio Zapatista (27 de abril de 2021)<\/p>\n<p style=\"text-align: center;\"><a href=\"https:\/\/radiozapatista.org\/?p=37331\">EZLN: \u00abLlevar lejos nuestro pensamiento, es decir, nuestro coraz\u00f3n\u201d, inicia caravana zapatista por el mundo<\/a><br \/>\nRadio Pozol (27 de abril de 2021)<\/p>\n<p style=\"text-align: center;\"><strong><a href=\"https:\/\/radiozapatista.org\/?p=37306\">\u201c\u00a1Viva el Ej\u00e9rcito de Liberaci\u00f3n Mundial!\u201d<\/a><\/strong><br \/>\nRadio Zapatista | Radio Pozol | \u00a1Compas arriba! | Espoir Chiapas | Juana Machetes | Idalia R\u00ede<br \/>\n(26 de abril de 2021)<\/p>\n<p style=\"text-align: center;\"><strong><a href=\"https:\/\/radiozapatista.org\/?p=37273\">Escuadr\u00f3n 421, la delegaci\u00f3n Zapatista: \u201c\u00a1Semillas llevamos, semillas dejamos, semillas germinar\u00e1n!\u201d<\/a><\/strong><br \/>\nRadio Zapatista | Radio Pozol | \u00a1Compas arriba! | Espoir Chiapas | Juana Machetes | Idalia R\u00ede<br \/>\n(25 de abril de 2021)<\/p>\n<p style=\"text-align: center;\"><strong><a href=\"https:\/\/radiozapatista.org\/?p=37260\">Contin\u00faan los preparativos en los Caracoles Zapatistas para la traves\u00eda a Europa<\/a><\/strong><br \/>\nRadio Zapatista y Radio Pozol (25 de abril de 2021)<\/p>\n<p>&nbsp;<\/p>\n<hr \/>\n<h2 id=\"comunicados\" style=\"text-align: center;\">Comunicados<\/h2>\n<p style=\"text-align: center;\"><strong><a href=\"https:\/\/radiozapatista.org\/?p=39905\">HAY UNA MUJER. Contra la destrucci\u00f3n de la Naturaleza. Austria, Viena<\/a><\/strong><br \/>\nComunidades zapatistas (24 de septiembre de 2021)<\/p>\n<p style=\"text-align: center;\"><a href=\"https:\/\/radiozapatista.org\/?p=39564\"><strong>CHIAPAS AL BORDE DE LA GUERRA CIVIL<\/strong><\/a><br \/>\nCCRI-CG del EZLN &#8211; Subcomandante Insurgente Galeano (19 de septiembre de 2021)<\/p>\n<p style=\"text-align: center;\"><a href=\"https:\/\/radiozapatista.org\/?p=39348\"><strong>Comando Palomitas<\/strong><\/a><br \/>\nSubcomandante Insurgente Galeano (septiembre de 2021)<\/p>\n<p style=\"text-align: center;\"><a href=\"https:\/\/radiozapatista.org\/?p=39300\"><strong>Itinerario de La Extempor\u00e1nea<\/strong><\/a><br \/>\nEZLN (septiembre de 2021)<\/p>\n<p style=\"text-align: center;\"><a href=\"https:\/\/radiozapatista.org\/?p=39297\"><strong>Despu\u00e9s de los 17. (La Secci\u00f3n Miliciana Ixchel-Ramona).<\/strong><\/a><br \/>\nSubcomandante Insurgente Galeano (septiembre de 2021)<\/p>\n<p style=\"text-align: center;\"><strong><a href=\"https:\/\/radiozapatista.org\/?p=39228\">Por la vida: Salida de La Extempor\u00e1nea a Europa<\/a><\/strong><br \/>\nSubcomandante Insurgente Mois\u00e9s (30 de agosto de 2021)<\/p>\n<p style=\"text-align: center;\"><strong><a href=\"https:\/\/radiozapatista.org\/?p=38909\">Apenas 500 a\u00f1os despu\u00e9s<\/a><\/strong><br \/>\nEscuadr\u00f3n 421 (13 de agosto de 2021)<\/p>\n<p style=\"text-align: center;\"><strong><a href=\"https:\/\/radiozapatista.org\/?p=38679\">La Extempor\u00e1nea y una Iniciativa Nacional<\/a><\/strong><br \/>\nSubcomandante Insurgente Mois\u00e9s (julio de 2021)<\/p>\n<p style=\"text-align: center;\"><strong><a href=\"https:\/\/radiozapatista.org\/?p=38521\">Volantem est alio modo gradiendi<br \/>\n(\u00bfQu\u00e9 esperamos?)<\/a><\/strong><br \/>\nSubcomandante Insurgente Galeano (julio de 2021)<\/p>\n<p style=\"text-align: center;\"><strong><a href=\"https:\/\/radiozapatista.org\/?p=38384\">La Traves\u00eda por la Vida: \u00bfA QU\u00c9 VAMOS?<\/a><br \/>\n<\/strong>Subcomandante Insurgente Galeano (junio de 2021)<\/p>\n<p style=\"text-align: center;\"><strong><a href=\"https:\/\/radiozapatista.org\/?p=38349\">El desembarco<\/a><br \/>\n<\/strong>Subcomandante Insurgente Galeano (junio de 2021)<\/p>\n<p style=\"text-align: center;\"><strong><a href=\"https:\/\/radiozapatista.org\/?p=38216\">Llegamos<\/a><\/strong><br \/>\nSubcomandante Insurgente Galeano (20 de junio de 2021)<\/p>\n<p style=\"text-align: center;\"><strong><a href=\"https:\/\/radiozapatista.org\/?p=38182\">La Calamidad Zapatista<\/a><\/strong><br \/>\nSubcomandante Insurgente Galeano (2019-2021)<\/p>\n<p style=\"text-align: center;\"><strong><a href=\"https:\/\/radiozapatista.org\/?p=38146\">El Pasaporte Zapatista.<br \/>\n(Hasta pronto Portugal, ah\u00ed vamos Galicia)<\/a><\/strong><br \/>\nSubcomandante Insurgente Galeano (junio de 2021)<\/p>\n<p style=\"text-align: center;\"><strong><a href=\"https:\/\/radiozapatista.org\/?p=38140\" rel=\"bookmark\">ISLAS AZORES, PORTUGAL, EUROPA<\/a><\/strong><br \/>\nSubcomandante Insurgente Galeano (11 de junio de 2021)<\/p>\n<p style=\"text-align: center;\"><a href=\"https:\/\/radiozapatista.org\/?p=37751\"><strong>\u00a1Delfines!<\/strong><\/a><br \/>\nSubcomandante Insurgente Galeano (mayo de 2021)<\/p>\n<p style=\"text-align: center;\"><a href=\"https:\/\/radiozapatista.org\/?p=37621\"><strong>Sobre el mar<\/strong><\/a><br \/>\nSubcomandante Insurgente Galeano (mayo de 2021)<\/p>\n<p id=\"post-37533\" class=\"post-title \" style=\"text-align: center;\"><a title=\"Permanent Link: El Abordaje. Del cuaderno de apuntes del Gato-Perro | SupGaleano\" href=\"https:\/\/radiozapatista.org\/?p=37533\" rel=\"bookmark\"><strong>El Abordaje. Del cuaderno de apuntes del Gato-Perro<\/strong> <\/a><br \/>\nSubcomandante Insurgente Galeano (mayo de 2021)<\/p>\n<p style=\"text-align: center;\"><strong><a title=\"Permanent Link: Ayer: La teor\u00eda y la Pr\u00e1ctica. Del cuaderno de apuntes del Gato-Perro\" href=\"https:\/\/radiozapatista.org\/?p=37451\" rel=\"bookmark\">Ayer: La teor\u00eda y la Pr\u00e1ctica. Del cuaderno de apuntes del Gato-Perro<\/a><\/strong><br \/>\nEl Gato-Perro (abril de 2021)<\/p>\n<p style=\"text-align: center;\"><strong><a href=\"https:\/\/radiozapatista.org\/?p=37302\">La Ruta de Ixchel<\/a><\/strong><br \/>\nSubcomandante Insurgente Galeano (26 de abril de 2021)<\/p>\n<p style=\"text-align: center;\"><strong><a href=\"https:\/\/radiozapatista.org\/?p=37237\">Y MIENTRAS TANTO, EN LA SELVA LACANDONA&#8230;<\/a><\/strong><br \/>\nTercios Compas (24 de abril de 2021)<\/p>\n<p style=\"text-align: center;\"><strong><a href=\"https:\/\/radiozapatista.org\/?p=37201\">ESCUADR\u00d3N 421. (La delegaci\u00f3n mar\u00edtima zapatista)<\/a><\/strong><br \/>\nSubcomandante Insurgente Galeano (abril de 2021)<\/p>\n<p style=\"text-align: center;\"><strong><a href=\"https:\/\/radiozapatista.org\/?p=37137\">Camino a Europa&#8230;<\/a><\/strong><br \/>\nSubcomandante Insurgente Mois\u00e9s (abril de 2021)<\/p>\n<p style=\"text-align: center;\"><strong><a href=\"https:\/\/radiozapatista.org\/?p=36387\">Primera Parte. UNA DECLARACI\u00d3N\u2026 POR LA VIDA<\/a><\/strong><br \/>\nEZLN (1 de enero de 2021)<\/p>\n<p style=\"text-align: center;\"><strong><a href=\"https:\/\/radiozapatista.org\/?p=36374\">Segunda Parte: LA CANTINA<\/a><\/strong><br \/>\nSubcomandante Insurgente Galeano (diciembre de 2021)<\/p>\n<p style=\"text-align: center;\"><strong><a href=\"https:\/\/radiozapatista.org\/?p=36325\">Tercera Parte: LA MISI\u00d3N<\/a><\/strong><br \/>\nSubcomandante Insurgente Galeano (diciembre de 2021)<\/p>\n<p style=\"text-align: center;\"><strong><a href=\"https:\/\/radiozapatista.org\/?p=35632\">Cuarta Parte: MEMORIA DE LO QUE VENDR\u00c1<\/a><\/strong><br \/>\nSubcomandante Insurgente Galeano (octubre de 2021)<\/p>\n<p style=\"text-align: center;\"><strong><a href=\"https:\/\/radiozapatista.org\/?p=35435\">Quinta Parte: LA MIRADA Y LA DISTANCIA A LA PUERTA<\/a><\/strong><br \/>\nSubcomandante Insurgente Galeano (octubre de 2021)<\/p>\n<p style=\"text-align: center;\"><strong><a href=\"https:\/\/radiozapatista.org\/?p=35393\">Sexta Parte: UNA MONTA\u00d1A EN ALTA MAR<\/a><\/strong><br \/>\nSubcomandante Insurgente Mois\u00e9s (5 de octubre de 2021)<\/p>\n<p>&nbsp;<\/p>","protected":false},"excerpt":{"rendered":"<p>Traves\u00eda por la vida Cap\u00edtulo Europa Cobertura Partida del Escuadr\u00f3n 421 de M\u00e9xico Llegada del Escuadr\u00f3n 421 a Slumil K&#8217;ajxemk&#8217;op Gira del Escuadr\u00f3n 421 Partida de la delegaci\u00f3n a\u00e9rea &#8220;La Extempor\u00e1nea&#8221; Llegada de la delegaci\u00f3n a\u00e9rea &#8220;La Extempor\u00e1nea&#8221; Gira de La Extempor\u00e1nea Comunicados el EZLN &nbsp; &nbsp; Cobertura . EZLN, CNI y FPDTA se unen [&hellip;]<\/p>\n","protected":false},"author":1,"featured_media":0,"parent":0,"menu_order":0,"comment_status":"closed","ping_status":"closed","template":"","meta":{"footnotes":""},"class_list":["post-37220","page","type-page","status-publish","hentry"],"_links":{"self":[{"href":"https:\/\/radiozapatista.org\/index.php?rest_route=\/wp\/v2\/pages\/37220","targetHints":{"allow":["GET"]}}],"collection":[{"href":"https:\/\/radiozapatista.org\/index.php?rest_route=\/wp\/v2\/pages"}],"about":[{"href":"https:\/\/radiozapatista.org\/index.php?rest_route=\/wp\/v2\/types\/page"}],"author":[{"embeddable":true,"href":"https:\/\/radiozapatista.org\/index.php?rest_route=\/wp\/v2\/users\/1"}],"replies":[{"embeddable":true,"href":"https:\/\/radiozapatista.org\/index.php?rest_route=%2Fwp%2Fv2%2Fcomments&post=37220"}],"version-history":[{"count":47,"href":"https:\/\/radiozapatista.org\/index.php?rest_route=\/wp\/v2\/pages\/37220\/revisions"}],"predecessor-version":[{"id":39910,"href":"https:\/\/radiozapatista.org\/index.php?rest_route=\/wp\/v2\/pages\/37220\/revisions\/39910"}],"wp:attachment":[{"href":"https:\/\/radiozapatista.org\/index.php?rest_route=%2Fwp%2Fv2%2Fmedia&parent=37220"}],"curies":[{"name":"wp","href":"https:\/\/api.w.org\/{rel}","templated":true}]}}