{"id":30081,"date":"2019-01-10T12:27:00","date_gmt":"2019-01-10T18:27:00","guid":{"rendered":"https:\/\/radiozapatista.org\/?page_id=30081"},"modified":"2019-02-06T09:40:28","modified_gmt":"2019-02-06T15:40:28","slug":"25-aniversario-del-inicio-de-la-guerra-contra-el-olvido","status":"publish","type":"page","link":"https:\/\/radiozapatista.org\/?page_id=30081","title":{"rendered":"25 aniversario del inicio de la guerra contra el olvido"},"content":{"rendered":"<p><\/p>\n<p style=\"text-align: center;\"><img loading=\"lazy\" decoding=\"async\" class=\"aligncenter wp-image-30044 size-full\" src=\"https:\/\/radiozapatista.org\/wp-content\/uploads\/2019\/01\/25anivEZLN.png\" alt=\"\" width=\"800\" height=\"391\" srcset=\"https:\/\/radiozapatista.org\/wp-content\/uploads\/2019\/01\/25anivEZLN.png 800w, https:\/\/radiozapatista.org\/wp-content\/uploads\/2019\/01\/25anivEZLN-350x171.png 350w, https:\/\/radiozapatista.org\/wp-content\/uploads\/2019\/01\/25anivEZLN-768x375.png 768w\" sizes=\"auto, (max-width: 800px) 100vw, 800px\" \/><\/p>\n<p>&nbsp;<\/p>\n<p id=\"post-29845\" class=\"post-title \" style=\"text-align: center;\"><a title=\"Permanent Link: El deber cumplido y por cumplir: 25 a\u00f1os del alzamiento zapatista\" href=\"https:\/\/radiozapatista.org\/?p=29845\" rel=\"bookmark\"><strong>El deber cumplido y por cumplir: <\/strong><br \/>\n<strong>25 a\u00f1os del alzamiento zapatista<\/strong><\/a><br \/>\nReportaje de Radio Zapatista (con audios y fotorreportaje)<\/p>\n<p id=\"post-30109\" class=\"post-title\" style=\"text-align: center;\"><strong><a href=\"https:\/\/radiozapatista.org\/?p=30109\">Servilleta para un monero indolente,<br \/>\no por qu\u00e9 oponerse a un tren devastador<\/a><br \/>\n<\/strong>Radio Zapatista<\/p>\n<p id=\"post-30068\" class=\"post-title \" style=\"text-align: center;\"><a title=\"Permanent Link: Amarga celebraci\u00f3n: Los 25 a\u00f1os de la experiencia zapatista\" href=\"https:\/\/radiozapatista.org\/?p=30068\" rel=\"bookmark\"><strong>Amarga celebraci\u00f3n: <\/strong><br \/>\n<strong>Los 25 a\u00f1os de la experiencia zapatista<\/strong><\/a><br \/>\nPor J\u00e9r\u00f4me Baschet | Fuente: <a href=\"https:\/\/espoirchiapas.blogspot.com\/2019\/01\/jbaschet-amarga-celebracion-los-25-anos.html\" target=\"_blank\" rel=\"noopener\">Espoir Chiapas<\/a><\/p>\n<p id=\"post-30041\" class=\"post-title \" style=\"text-align: center;\"><strong><a title=\"Permanent Link: Vamos a pelear contra su proyecto de destrucci\u00f3n: EZLN\" href=\"https:\/\/radiozapatista.org\/?p=30041\" rel=\"bookmark\">Vamos a pelear contra su proyecto de destrucci\u00f3n: EZLN<br \/>\n<\/a><\/strong>Video de Regeneraci\u00f3n Radio<\/p>\n<p id=\"post-29835\" class=\"post-title \" style=\"text-align: center;\"><strong><a title=\"Permanent Link: Palabras del CCRI-CG del EZLN a los pueblos zapatistas en el 25 aniversario del inicio de la guerra contra el olvido\" href=\"https:\/\/radiozapatista.org\/?p=29835\" rel=\"bookmark\">Palabras del CCRI-CG del EZLN a los pueblos zapatistas en el 25 aniversario del inicio de la guerra contra el olvido<br \/>\n<\/a><\/strong>Palabras del Subcomandante Insurgente Mois\u00e9s<br \/>\nPalabras de la Comandanta Everilda<br \/>\nPalabras de la compa\u00f1era Berenice de la Junta de Buen Gobierno de La Realidad<\/p>\n<p id=\"post-30038\" class=\"post-title \" style=\"text-align: center;\"><a title=\"Permanent Link: Comunicado del CNI y el CIG por el 25 aniversario del levantamiento armado del EZLN\" href=\"https:\/\/radiozapatista.org\/?p=30038\" rel=\"bookmark\"><strong>Comunicado del CNI y el CIG por el 25 aniversario del levantamiento armado del EZLN<\/strong><\/a><\/p>\n<p>&nbsp;<\/p>\n<p align=\"center\"><iframe loading=\"lazy\" src=\"https:\/\/www.youtube.com\/embed\/_rSEyOUZhvE\" width=\"560\" height=\"315\" frameborder=\"0\" allowfullscreen=\"allowfullscreen\"><\/iframe><\/p>\n<p>&nbsp;<\/p>","protected":false},"excerpt":{"rendered":"<p>&nbsp; El deber cumplido y por cumplir: 25 a\u00f1os del alzamiento zapatista Reportaje de Radio Zapatista (con audios y fotorreportaje) Servilleta para un monero indolente, o por qu\u00e9 oponerse a un tren devastador Radio Zapatista Amarga celebraci\u00f3n: Los 25 a\u00f1os de la experiencia zapatista Por J\u00e9r\u00f4me Baschet | Fuente: Espoir Chiapas Vamos a pelear contra [&hellip;]<\/p>\n","protected":false},"author":1,"featured_media":0,"parent":29,"menu_order":0,"comment_status":"closed","ping_status":"closed","template":"","meta":{"footnotes":""},"class_list":["post-30081","page","type-page","status-publish","hentry"],"_links":{"self":[{"href":"https:\/\/radiozapatista.org\/index.php?rest_route=\/wp\/v2\/pages\/30081","targetHints":{"allow":["GET"]}}],"collection":[{"href":"https:\/\/radiozapatista.org\/index.php?rest_route=\/wp\/v2\/pages"}],"about":[{"href":"https:\/\/radiozapatista.org\/index.php?rest_route=\/wp\/v2\/types\/page"}],"author":[{"embeddable":true,"href":"https:\/\/radiozapatista.org\/index.php?rest_route=\/wp\/v2\/users\/1"}],"replies":[{"embeddable":true,"href":"https:\/\/radiozapatista.org\/index.php?rest_route=%2Fwp%2Fv2%2Fcomments&post=30081"}],"version-history":[{"count":4,"href":"https:\/\/radiozapatista.org\/index.php?rest_route=\/wp\/v2\/pages\/30081\/revisions"}],"predecessor-version":[{"id":30345,"href":"https:\/\/radiozapatista.org\/index.php?rest_route=\/wp\/v2\/pages\/30081\/revisions\/30345"}],"up":[{"embeddable":true,"href":"https:\/\/radiozapatista.org\/index.php?rest_route=\/wp\/v2\/pages\/29"}],"wp:attachment":[{"href":"https:\/\/radiozapatista.org\/index.php?rest_route=%2Fwp%2Fv2%2Fmedia&parent=30081"}],"curies":[{"name":"wp","href":"https:\/\/api.w.org\/{rel}","templated":true}]}}